 are the prime factors of n?
3, 7
Suppose i + 0*i + 3*a + 7 = 0, -15 = 5*a. Suppose -i*u - 2 = -4*u. What are the prime factors of (4 - 15)*(u + -2)?
11
Suppose -2*s = 2, -2*s = -3*d + 15576 - 862. List the prime factors of d.
2, 613
Suppose 0 = -n - 3*c + 16, n = -4*n + 5*c. Suppose -f - n*f + 10 = 0. Suppose 4*d = f*x + 78, 4*x + 30 = 2*d + 6*x. List the prime factors of d.
2, 3
Suppose -3*q - 5 = 2*n, 4*q - 4 = 6*q + n. Let t be (-1 - 8) + 1 + q. List the prime factors of (-9 - t) + 54/2.
29
Let c(i) = -7*i**3 + 5*i**2 + 11*i. List the prime factors of c(-3).
3, 67
Suppose -231 = 15*a - 4*a. Let n(k) = -k**3 - 20*k**2 + 17*k - 22. What are the prime factors of n(a)?
2, 31
Let k(y) = 2*y + 40. Let s be k(-19). What are the prime factors of (4/s)/(-1*2/(-63))?
3, 7
Let h = -708 + 1489. What are the prime factors of h?
11, 71
Let v = 343 - -131. What are the prime factors of v?
2, 3, 79
Suppose -4 = -4*b - 0. Let g(a) = 17*a**3 - a + 2*a**2 + 14*a**3 - 14*a**3. List the prime factors of g(b).
2, 3
Let b be -35 - -5*(-20)/25. Let s(h) = -h**3 + h - 1. Let v be s(0). Let q = v - b. What are the prime factors of q?
2, 19
List the prime factors of (862/6)/((-110)/(-660)).
2, 431
Let j(w) = 180*w - 62. What are the prime factors of j(7)?
2, 599
Let m be (-164)/(-14) - 8/(-28). Suppose -10*y = -5*y - 10. Suppose 3*k - m = -0*k, -4*o = y*k - 132. What are the prime factors of o?
31
Let t be 0 + (0 - 3 - -2). Let s = -71 - -68. What are the prime factors of (0 + t)*(-20 - s)?
17
Suppose -7*o - 10 = -17*o. Let r(v) = -v**3 + 5*v**2 - 4*v. Let n be r(4). List the prime factors of 46 + o*(n + 2).
2, 3
Let x(v) = v**3 + 33*v**2 + 113*v + 53. What are the prime factors of x(-16)?
7, 53
Suppose -4*o = 16, 7 = -4*g + 5*g + 5*o. List the prime factors of (-3)/(g/(-2)) + 896/18.
2, 5
Suppose -j + 3*j = -l + 25, 67 = 5*j + 4*l. Let f(q) = 435*q**2 + 2 - q**3 - 9*q - 208*q**2 - 215*q**2. List the prime factors of f(j).
2, 3
Let n(v) = -24*v - 2. Let x be n(-3). Suppose 54 = 2*h - x. What are the prime factors of h?
2, 31
Let n = 82 + -79. Let c(r) be the third derivative of r**6/60 - r**5/15 + r**4/8 - r**3/2 - r**2. What are the prime factors of c(n)?
2, 3
Suppose 0 = -5*n - 3*k + 8*k + 190, 0 = -2*k + 2. What are the prime factors of n?
3, 13
Let i = 22 - 35. Let p(s) = -5*s + 22. Let d be p(i). Suppose 20*c = 23*c - d. List the prime factors of c.
29
Suppose 2*r + 30*r = 82272. List the prime factors of r.
3, 857
Let z = 168 + -145. What are the prime factors of z?
23
Let q(z) = z**2 + 12*z - 11. Let y be 3*-4 + 7 + -6. Let u be q(y). Let a = u - -37. What are the prime factors of a?
3, 5
Let v(h) = -6*h + 6. Let t be ((-13)/4 - -4)*4. Suppose -3*a = 9 + t. List the prime factors of v(a).
2, 3, 5
Let k(b) = -b. Let p(q) = -3*q + 2. Let s(x) = 2*k(x) - p(x). Let t be s(4). List the prime factors of t + 0 - (-17 - -4).
3, 5
List the prime factors of 22614/5 + (-124)/(-620).
4523
Suppose 187*a - 38841 = 176*a. List the prime factors of a.
3, 11, 107
Let a = -22 - -92. List the prime factors of a.
2, 5, 7
Suppose -2*k + 1216 = 2*l, -353 = 3*k + 5*l - 2175. List the prime factors of k.
3, 7, 29
List the prime factors of (-49)/3*120/(-10).
2, 7
Suppose 2*q = 3*r + 832 + 242, -2*r - 2148 = -4*q. What are the prime factors of q?
3, 179
Suppose -14*c + 523 + 625 = 0. What are the prime factors of c?
2, 41
Suppose -45 + 9 = -2*n + 4*c, 5*n + 2*c = 42. What are the prime factors of -1*9*n/(-15)?
2, 3
Let o be (-22)/(-4) + 4/(-8). Suppose o*k = -k + 96. List the prime factors of k.
2
Let r(a) = a**2 - 6*a - 4. Let k be r(6). Let b(p) = 2*p**2 - p. What are the prime factors of b(k)?
2, 3
Let h(n) = -2*n**2 - 21*n. Let f be h(-9). Suppose -2*a - 3*a + 3*m = -89, 0 = a + 4*m - f. List the prime factors of a.
19
Let x be (-20)/150 + 32/15. What are the prime factors of 3 + 15/(-3) + 128/x?
2, 31
Suppose 0 = 5*i - 82 - 13. Suppose i*a - 3487 = 8*a. What are the prime factors of a?
317
Suppose -3*g - 6 = -3*t, 2*t - 3*t - 4 = -3*g. Suppose -2*y = j - 6*y - 87, -385 = -5*j - t*y. List the prime factors of j.
79
Suppose -4*x + 29 = -3*o, 2*x - 2*o = o + 19. List the prime factors of ((x - -2) + 5)/2.
2, 3
Let y(g) = -g**3 + 27*g**2 + 14*g + 24. List the prime factors of y(27).
2, 3, 67
Suppose 0 = 56*i - 39*i - 5083. List the prime factors of i.
13, 23
Suppose j - 1 = 8. Suppose 3*x + 510 = j*x. List the prime factors of x.
5, 17
List the prime factors of (-11)/(-1) - (-4584 - -87).
2, 7, 23
Suppose -60 = 5*u - u. Let p be (u/(-12))/((-4)/(-16)). Suppose -2*n = -2*m + 8, p*m + n - 2*n = 24. List the prime factors of m.
5
Let t = -42 + 39. What are the prime factors of (-12121)/(-85) - t/(-5)?
2, 71
Let l be 30/(-4)*70/15. Let w = 140 + l. List the prime factors of w.
3, 5, 7
Let j = 26 + -27. What are the prime factors of (-4 - -66 - j) + -3?
2, 3, 5
Let n = 82 - 78. Suppose n*m - 202 = -p + 8*m, 5*p - 885 = -5*m. What are the prime factors of p?
2, 7, 13
Let g(q) be the third derivative of 7/30*q**5 + 5/6*q**3 + 0 - 1/120*q**6 - 5*q**2 + 2/3*q**4 + 0*q. List the prime factors of g(15).
2, 5
Let k(o) = o**2 - 12*o - 8. Let m be k(13). Let g = -2 + m. Suppose -g*j + 24 = 6. What are the prime factors of j?
2, 3
Let v(x) be the third derivative of -x**6/120 + 7*x**5/20 - 17*x**4/24 - 5*x**3/6 + 8*x**2. What are the prime factors of v(20)?
5, 11
Suppose 2*y - 635 = 3*a, 3*y - 5*a + a = 954. List the prime factors of y.
2, 7, 23
Let d(a) = a + 3*a + a**3 - 3 + 2*a + 2 - 8*a**2. Let j be d(7). Let p(o) = -2*o + 25. What are the prime factors of p(j)?
41
Let f(l) = 2*l + 1. Let x be f(1). Let n(y) = -y**3 - 10*y**2 + y - 4. Let g be n(-11). What are the prime factors of x/9 + g/6?
2, 3
Suppose -5*j = -10, 0 = -15*g + 11*g - 5*j + 10202. What are the prime factors of g?
2, 7, 13
Let s be 1/(0 - 1/(-6)). Suppose -3*o + 2*i = -4, 0 = 2*o - s*i + 3*i - 1. Suppose -k + 19 = w, -43 = -o*k - 3*w - 0. List the prime factors of k.
2, 7
Let k(z) = z**3 + 19*z**2 - 39*z - 6. What are the prime factors of k(-14)?
2, 5, 19
Let i be 7/((-51)/(-25) + -2). Let p be 1/2 + i/2. Let s = -40 + p. List the prime factors of s.
2, 3
Let g(z) = z**3 + 5*z**2 + 5*z + 4. Let i be g(-4). Let s be (0 - i)*3/9. Let y = 12 - s. What are the prime factors of y?
2, 3
Let g(y) be the third derivative of y**6/120 - y**5/10 - 7*y**4/24 + 2*y**3/3 + 7*y**2. Let r be g(7). Suppose 50 = r*i - 58. What are the prime factors of i?
3
Let l(a) = -3*a + 1 + 2*a + 7*a - 17. Let o be l(13). Suppose -4*t + c = -93 - o, 159 = 4*t + 3*c. What are the prime factors of t?
3, 13
Let o(k) = -16*k + 705. What are the prime factors of o(0)?
3, 5, 47
Suppose 3*w + 16 = -f, -2*w = -5*f + w - 8. What are the prime factors of ((-120)/(-70))/(f/(-14))?
2, 3
Suppose 0 = 6*o - 2146 - 1520. List the prime factors of o.
13, 47
Suppose w = -r + 412, -2*w + 0*w = -3*r + 1211. List the prime factors of r.
11, 37
Let p(h) = -12*h - 8. Suppose -4*g + 5 = -3*f - 10, -g - 5*f = 25. Suppose o = -3*b - 21 + 7, -4*b + 5*o - 6 = g. What are the prime factors of p(b)?
2, 5
Suppose 1 = 5*g + 4*z, -4*z - z - 7 = -2*g. Suppose -8 = -3*f + f + s, 3*f + 5*s - 12 = 0. Let b = g + f. List the prime factors of b.
5
Suppose 5*x = 3*w + 36, -4*x + x + 44 = -5*w. Let f(n) = -2*n**3 - 9*n**2 + 8*n - 16. List the prime factors of f(w).
173
Suppose y + 3*n - 100 = 132, -4*y + 949 = 5*n. List the prime factors of y.
241
Let b = 1766 - 1353. List the prime factors of b.
7, 59
Suppose 0 = -3*z + 4 + 53. Let c = 19 - z. Suppose c = -0*g - 2*g + 70. List the prime factors of g.
5, 7
Suppose -b = v, -2*v + b + 8 = -b. What are the prime factors of (140/14)/(v/8)?
2, 5
Let v(u) = -u**2 + 11*u + 17. Let d be v(12). Suppose 4*f + 2*h - 4 = 2, d*f - h = 25. Suppose 6*b - 28 = f*b. List the prime factors of b.
2, 7
Let z(q) = 24*q + 15. Let l = 17 + -12. List the prime factors of z(l).
3, 5
Let s be (-1)/4 - (-1449)/(-92). Let h = 70 + s. Suppose 5*x - 210 + 75 = -k, -k = 2*x - h. List the prime factors of x.
3
Let k(v) = 1579*v**2 - 5*v + 5. List the prime factors of k(1).
1579
Let k(p) = p - 6*p + 305 - 268. List the prime factors of k(7).
2
Let z be (-6)/21 + 428/28. Suppose x - 4*x = -z. Suppose x*r = 7*r - 94. List the prime factors of r.
47
What are the prime factors of 